 q(-8). Suppose -5*g - d + 1037 = 0. Is g a prime number?
False
Let h = -613 - -1134. Is h a composite number?
False
Suppose -151995 = -2176*x + 2161*x. Is x a composite number?
False
Let n(x) = 141*x**2 + 14*x - 8. Is n(7) a composite number?
True
Let a = 47 - 32. Suppose -3*d = -8*d + a. Let b(c) = 8*c**3 - c**2 - 5*c + 2. Is b(d) a prime number?
False
Let t(l) = l**2 - 6*l - 11. Let q be t(8). Suppose 277 = -q*n - c - 0*c, 0 = n + 2*c + 59. Let s = 164 + n. Is s a prime number?
True
Suppose 0*p - 18 = -3*p. Suppose -p = -5*d + 8*d. Is (d - 76/(-16))*4 a composite number?
False
Let j = 10 + -3. Let k = 4141 - 2265. Suppose j*q + k = 4*o + 3*q, 2*o - 932 = -q. Is o a composite number?
False
Suppose 2*h - 2*z - 4 = 0, -3*z + 0 = -2*h + 1. Suppose 0*q = -h*q + 8980. Suppose -s + q = 3*s. Is s a composite number?
False
Let r(x) = 3*x**3 + 90*x**2 - 47*x - 49. Is r(-30) a composite number?
False
Let c(p) = -p**2 - 5*p + 2. Let k be c(-5). Let y(v) = 832*v - 4. Let i be y(k). Suppose -4*j + i = -0*j. Is j composite?
True
Let u(k) = 384*k + 71. Let j(l) = -77*l - 14. Let m(c) = 11*j(c) + 2*u(c). Let t be m(7). Let i = -371 - t. Is i a composite number?
True
Let p(l) = 134*l + 15. Let g be (-4 - -6)/(4/6). Is p(g) a prime number?
False
Suppose 2*m - 2*t - 8 = 0, -m - 2*t + 3 = 2. Is 2/1 + (2520 - m) composite?
True
Suppose -5*t + 10 = -2*b, 4*t - 5 - 3 = -4*b. Suppose -s + 408 + 68 = b. Let g = s - 331. Is g prime?
False
Let z be 8660/(-12)*(-6)/2. Suppose 4*g + 743 = 4*k - 7981, -5*g - z = -k. Suppose -2*a + 3*f = -0*a - 893, 5*a + 2*f - k = 0. Is a a composite number?
False
Let f = -3388 + 6285. Is f composite?
False
Let i(t) be the second derivative of t**4/12 + 3*t**3/2 + 3*t**2 + 2*t. Let q be i(-9). Is q/14 + 13266/63 a composite number?
False
Suppose g + 3*z = 6, -g - g + 8 = 5*z. Let i(l) = -68*l + 11. Is i(g) a composite number?
False
Suppose 4*m = -4*n + 3*n + 11408, -3*n - 11392 = -4*m. Is m prime?
True
Let r(j) = 78*j - 115 + 64 + 58. Let z = 16 - 11. Is r(z) prime?
True
Suppose 12 = 2*r - 2*g, 4*g - 18 = -r - g. Suppose -r*x + 103 = -7*x. Is x a composite number?
False
Suppose -39*r + 46*r - 44149 = 0. Suppose r = -w + 18*w. Is w a prime number?
False
Let f be (-8)/44 + (-68204)/(-22) + -2. Suppose -f - 887 = -o. Is o composite?
True
Let q(w) = 9*w + 19. Let k(b) = 9*b + 18. Let f(z) = -5*k(z) + 4*q(z). Is f(-4) a composite number?
True
Let c(l) = -l**3 - 6*l**2 + 9*l + 4. Let i be c(-7). Is (-109)/(-2)*i/(-5) a composite number?
False
Let i(o) = -4746*o + 29. Is i(-2) prime?
True
Let t be 311/(-3) - (-5)/(-15). Let v = t - -55. Let l = -3 - v. Is l a composite number?
True
Let h = -1539 - -2996. Is h a prime number?
False
Suppose -6*c + 165965 = 24893. Suppose -14*q = -c + 594. Is q a composite number?
False
Suppose 0 = -10*x + 2364 + 3206. Is x a composite number?
False
Let m(l) = -34 - 10*l + 0 - 48*l - 9. Is m(-10) composite?
True
Let l(q) = 164*q + 4. Let t be l(4). Suppose -2*f + 5*f = t. Suppose 3*z - f = -z. Is z prime?
False
Suppose -5836 = -2*c + 2*m, -5*c + 14560 = 5*m - 0*m. Let s = c + -1986. Is s a composite number?
False
Let b(m) = 40*m + 7. Let a(q) = q**2 - 6*q + 4. Let f be a(3). Let u = 8 + f. Is b(u) a prime number?
True
Let p = 1237 - 518. Let w = 1662 - p. Is w a prime number?
False
Let b(t) be the third derivative of 53*t**5/60 - t**4/8 + t**3/2 + 5*t**2 - 1. Let o(k) = k**2 - 6*k + 7. Let q be o(5). Is b(q) a prime number?
False
Suppose 3*d = 5*m - 31700, -7*m + 4*m - 4*d + 18991 = 0. Is m a composite number?
False
Let f(c) = -787*c - 2. Suppose r = 10 - 5. Suppose -3*q + r*m - 2 = -18, 0 = 5*q - 3*m. Is f(q) a prime number?
False
Let c(u) = -7*u**2 - u + 1. Let n be c(1). Let v be n + 0/4 + 2. Is (-2 - v) + 12/4 prime?
False
Let d(p) = p**2 - 2*p - 3. Let l be d(3). Suppose l*w - 7*w = -5131. Is w a prime number?
True
Suppose 3*p = -p - r + 183, 0 = 4*r - 12. Suppose 44 = -p*j + 47*j. Is j prime?
False
Let f = 261 + -25. Let t be 30*(-3 - f/(-8)). Let m = -458 + t. Is m a composite number?
False
Suppose -136088 = -4*f + 24092. Is f a composite number?
True
Suppose -l + 4 = -0. Suppose -2*d = -14 + l. Suppose -d*u + 94 = -241. Is u a prime number?
True
Suppose 0 = -22*k + k + 370797. Is k a composite number?
False
Let h(f) = 3*f**2 - 6*f + 3. Let n(p) = -p**2 + 2*p - 1. Let k(v) = -4*h(v) - 11*n(v). Let l be k(1). Is l*(-2)/(-6) - -39 prime?
False
Let l = 132 - 2108. Let d be (-2 - -5) + l/(-2). Suppose 2*b = 5*s - 1677, -4*s + 5*b = -s - d. Is s prime?
True
Let q = 33035 + -12030. Is q a composite number?
True
Suppose 0 = -3*b + 5*l - 7 + 21, 0 = -2*b + l + 7. Suppose b*n - 177 = 72. Is n composite?
False
Let f be -1*(-1)/(1/2). Suppose 1 - 9 = f*c. Let l(j) = -72*j + 7. Is l(c) a composite number?
True
Suppose -3*z - 74773 = -8*z + 4*c, 4*z - 4*c = 59820. Is z composite?
True
Suppose -19*z = -15*z - 33260. Is z a composite number?
True
Is 2 + 32/(-15) - 152061/(-45) a composite number?
True
Let l(b) = 1432*b**3 - 2*b**2 + 1. Let v be l(1). Suppose 0 = 5*u - 5836 + v. Let w = 1438 - u. Is w prime?
True
Let t(m) = -142*m**3 - 5*m**2 - 4*m. Let d = -139 + 138. Is t(d) prime?
False
Is -51 + 50 - (-2 + -7319 + 2) a composite number?
True
Let p(i) = -43*i + 8. Suppose 0 = 8*u + 88 + 32. Is p(u) prime?
True
Suppose 1468 = p - 5*p. Let b = 1172 + p. Suppose -4*t = -3*g - g + 1080, 3*g - 2*t = b. Is g a composite number?
True
Let g(c) = -18*c**3 + 9*c**2 + c - 7. Is g(-5) prime?
False
Let d(s) = 48*s**2 - 10*s + 14. Let t be d(4). Let j = t - 405. Is j a composite number?
False
Suppose 8*b + 10713 = 44737. Is b a prime number?
True
Let h = 4 + -1. Let m = 8 - h. Suppose 3*s - 96 = 2*a, a = m*s + 6 - 173. Is s composite?
True
Suppose 120*h - 123*h + 11967 = 0. Is h prime?
True
Suppose -3*k = 4*n - 31, -2*k + 5*n = 8 + 2. Suppose -2*y - 4*g = -0*y - 122, 25 = k*g. Is -3*y*4/(-18) a composite number?
True
Let t(x) = -x**3 + 9*x**2 - 8*x + 2. Let y be 4/14 - (-162)/21. Let o be t(y). Suppose -2*l + o*v + 290 = -586, 3 = 3*v. Is l a composite number?
False
Let y(u) be the second derivative of u**5/120 + 67*u**4/24 + 5*u**3/3 - 6*u. Let f(k) be the second derivative of y(k). Is f(0) composite?
False
Is -3*(-4)/(-12)*-15401 a prime number?
True
Suppose -24311 = -o + 2*l, 7*o - 9*o = -3*l - 48625. Is o prime?
True
Let b = 56 - 53. Suppose -2*q = -b*i - 234 + 3255, -5*i - q = -5048. Is i prime?
True
Let v(f) = 59*f + 17. Let x = -28 + 34. Let u be v(x). Suppose 3*p - 104 = -2*h + u, 5*p - 2*h = 781. Is p a composite number?
False
Let i(r) = -r**2 + 4*r + 1. Let a be i(3). Suppose a*y + 0*y - 20 = 0. Suppose 0 = -y*f - 2*v + 3749, v - 4 = -v. Is f prime?
False
Suppose 4*l - 15 = 5. Suppose 4*b + l*y - 5840 = 0, -y = b - 3*b + 2934. Is b prime?
False
Suppose -7*n = -9*n + 356. Is n - (3/(-6) - 20/8) a prime number?
True
Is (65/(-195))/((-1)/126471) composite?
False
Suppose 3*m + 0*m = 2001. Let f = -134 + m. Is f a prime number?
False
Let w(f) = -25 + 139*f - 6 - 131*f. Is w(18) a prime number?
True
Let s = 227103 + -119002. Is s prime?
False
Let f = 4137 + 3206. Is f a prime number?
False
Let b = -440 - -493. Is b a composite number?
False
Suppose -3*d - 25 = -5*j, 0 = -3*d - 9 - 6. Let r(o) = -11*o**2 + 14*o**j + o + 1 + 74*o**2. Is r(-1) a prime number?
False
Let k(v) = 17 - v - 2*v - 18*v**2 - 14*v**2 + 33*v**2. Is k(-7) a composite number?
True
Suppose 13 = w - 4*y - 2, 0 = -w - 2*y + 3. Let i(j) = j**2 - 2 - 5*j + 3 + w*j. Is i(-12) a composite number?
True
Suppose -4*k + 2*k = -y - 128, 5*k + 4*y - 346 = 0. Let p = k + -113. Let o = p + 340. Is o prime?
True
Let r = 0 + 5. Suppose r*w = 4*w. Suppose 88 = 2*p - 2*u - 222, 3*p - 2*u - 467 = w. Is p a prime number?
True
Let w = 3243 - 641. Is w prime?
False
Suppose -o = -s + 3*s - 183, o + 375 = 4*s. Let f = s - 28. Is f prime?
False
Suppose 0 = 273*g - 269*g - 209356. Is g composite?
True
Suppose p + 5 = 2*w - 7, -5*p - 24 = -w. Is (1*1146/9)/(w/6) a composite number?
False
Let o(q) = 31*q**2 + 3*q - 7. Let f(s) = 15*s**2 + s - 3. Let l(p) = 13*f(p) - 6*o(p). Let z be l(3). Let y = -30 + z. Is y prime?
False
Let a = -957 + 2414. Is a a composite number?
True
Suppose -h + 1072 = t, -2*t + h + 1085 + 1044 = 0. Is t prime?
False
Let o(u) = -2*u**3 - 18*u**2 - 24*u - 29. Is 